when m(-1) is divided by 18?
7
Suppose 4*v = h - 63, -5*h + 2*v = 5*v - 292. Suppose -67 - h = -9*m. Calculate the remainder when 26 is divided by m.
12
Suppose 4*w - 955 = -2*c + 263, -2*c = -7*w + 2148. What is the remainder when w is divided by 96?
18
Suppose 2*z + 3*f - 3 = 9, 0 = 5*z + 3*f - 12. Let i = z - -35. Let k = i + -26. What is the remainder when 12 is divided by k?
3
Let d(j) = 276*j**2 + 3*j. Suppose -123 - 308 = -27*f + 109. Calculate the remainder when d(-2) is divided by f.
18
Let r(p) = 5*p**2 + 5*p. Suppose 10*y = 181 + 19. Let x = y + 1. Calculate the remainder when r(-4) is divided by x.
18
Let w(d) = -43*d**3 - d**2 + 1. Suppose 27*p - 9221 = 5197. Let l = -451 + p. Calculate the remainder when l is divided by w(-1).
40
Suppose 2*i - 222 = -5*a + a, i = 2*a + 91. Calculate the remainder when 718 is divided by i.
11
Let m(g) = g**2 - g + 1. Let u(z) = 9*z**2 - 3*z - 10. Let x(j) = -5*m(j) + u(j). What is the remainder when x(-4) is divided by 24?
17
Let z = 1154 - 1133. What is the remainder when 83 is divided by z?
20
Let j = -46 - -46. Let y be (23 + -21)/(2/185 + j). Suppose 31*i - y = 26*i. Calculate the remainder when i is divided by 22.
15
Calculate the remainder when 1842 is divided by 614 - ((-18)/(-1) - 11).
21
Let k(m) = 154*m + 18. Let s be k(6). Suppose 4*a + 622 = s. Suppose 0 = -4*z + 51 + 61. What is the remainder when a is divided by z?
24
Let c = -343947 - -343978. What is the remainder when (-2)/(-3)*(-312)/(-2) is divided by c?
11
Let r = -172 - -280. Let p = 81232 - 81204. Calculate the remainder when r is divided by p.
24
Let h = 153 - 58. Suppose 4*r - 4*p - 6 = -70, -5*r + 4*p - 83 = 0. What is the remainder when h is divided by (r - -3)*(-1 - 1)?
31
Suppose -257*z = -252*z + 390. Let p = -101 - z. Let c = p + 48. What is the remainder when 71 is divided by c?
21
Let i = 148 + 226. Let s = -273 + i. Calculate the remainder when s is divided by 22.
13
Let g be 5*-1*12/(-15). Suppose 9 = 5*x + 3*z, -2*x - 2 = -0*x + g*z. What is the remainder when x is divided by 1?
0
What is the remainder when (-35 - (-324)/18) + 165 is divided by 54?
40
Suppose 16*j + 34 = 2. What is the remainder when 42/5*j*15/(-9) is divided by 10?
8
Let x be (54/(-9))/6*(2 + -17). Calculate the remainder when 115 is divided by (-32 - -36)/(18/x - 1).
15
Let q = -5045 + 5944. What is the remainder when q is divided by 84?
59
Suppose -222 + 243 = 45*c - 294. What is the remainder when 2335 is divided by c?
4
What is the remainder when 191 is divided by -715*(22/5)/(-22)?
48
Let s = -4 - -4. What is the remainder when 2 + s + -3 + 56 is divided by (572/66 - 16/4)*3?
13
Suppose 5*v + 14 = -4*s + 487, 3*s - 6 = 0. Suppose 6*m = 3*m + 15. Suppose -m*i + 2*q = -v, q = -5*i - 4*q + 65. What is the remainder when i is divided by 11?
6
Let n(o) = 4*o**2 + 2*o + 21. Let s be n(-4). Suppose u + s = 5*u + 3*l, 4*l = -20. Suppose 6*g - 5 = 13. Calculate the remainder when u is divided by g.
2
Let c(h) = 2*h**2 - 26. Let g be c(-3). Let y = -77 + 55. Let t = g - y. Calculate the remainder when 41 is divided by t.
13
Let m = -1603 + 1626. Calculate the remainder when 227 is divided by m.
20
Suppose -5*b = -3*v - 78, -3*b + 4*v + 48 + 1 = 0. What is the remainder when 51 is divided by b*6/9 + -6?
3
Let y = 1956 - 1935. Calculate the remainder when 143 is divided by y.
17
Suppose u - 2*k = k + 4, 0 = 2*u + k + 6. Let n(m) = 13*m - 47. Calculate the remainder when n(8) is divided by u/(-1) + 4 + 6.
9
Let x(a) = a**2 - 14*a - 90. Let g be x(19). Suppose g*r - 9*r + 176 = 0. Let n = -25 - -48. What is the remainder when r is divided by n?
21
Let p = 114 + -371. Let v = -188 - p. Calculate the remainder when v is divided by 32.
5
Let m(d) = -11*d + 72. Suppose -t - 128 + 133 = 0. Let v(q) = 2*q**2 - 3*q + 4. Calculate the remainder when v(4) is divided by m(t).
7
Suppose -5*n = 2*r - 455, 2*n + 3*r = 2*r + 182. Calculate the remainder when n is divided by 26.
13
Suppose -6 = -3*s + v, -10 = -2*s + v - 6. Suppose f - 27 = -3*y, 20 = f + s*y - 7. Calculate the remainder when f is divided by 26.
1
Let i(v) = 79*v - 133. What is the remainder when i(13) is divided by 136?
78
Let q(c) be the second derivative of -38*c + 1/2*c**3 + 1/12*c**4 + 0 + 35/2*c**2. What is the remainder when q(-9) is divided by 18?
17
Suppose -5*m - 12*m + 1343 = 0. Let d be 1*2 - (-17)/17. Suppose -d*b - 60 = -6*b. What is the remainder when m is divided by b?
19
Let k be (-6)/(-2)*(5/3 + -2). What is the remainder when k - ((-36)/(-48) - (-230)/(-8)) is divided by 5?
2
Suppose 102 = 3*i - 5*w, 9 = -3*w - 0*w. Suppose -4*o + 104 = 2*b - 16, 0 = -o - b + i. What is the remainder when 54 is divided by o?
23
Let n be (16/6)/((-4)/(-6)). Suppose -3*v = -2*v - n. What is the remainder when 306/270*3*5 is divided by v?
1
Let u(m) = -m**3 - 3*m**2 + 28*m - 12. Let l be u(-9). Suppose -l*c - 160 = -230*c. What is the remainder when c is divided by 11?
9
Let t = -81 + 93. Suppose -t*w + 177 = -9*w. Suppose -q = -81 + w. Calculate the remainder when q is divided by 13.
9
Let p = -54 - -78. Suppose -15*y = -11*y - 2*k + 20, -3*y - 4*k = -7. Calculate the remainder when (y/(-2))/((-47)/(-1974)) is divided by p.
15
Suppose 0 = 5*q + 5*r - 100, 243*r + 35 = 3*q + 241*r. Let t(m) = -4*m + 10. What is the remainder when t(-4) is divided by q?
11
Suppose 3*y = 0, -4*c - y + 170 = 4*y - 114. Calculate the remainder when 492 is divided by c.
66
Let t(n) = -7*n**3 + 6*n**2 - 7*n + 5. Let s be t(2). Let p(y) = -y**3 - 42*y**2 - 41*y + 8. What is the remainder when 271 is divided by p(s)?
7
Suppose -r = 4*r - 675. Suppose 3*u = -2*u + r. Suppose 15*m - 1178 = -4*q, -119*m = -124*m + q + 388. Calculate the remainder when m is divided by u.
24
Suppose -5*y + h = 1750, -2*y + 135 - 835 = 3*h. Let b = y + 438. Calculate the remainder when b is divided by 38.
12
Let l = -12152 + 12241. Calculate the remainder when 4000 is divided by l.
84
Let v(a) = 335*a**2 + 267*a + 543. Calculate the remainder when v(-2) is divided by 123.
119
Let g = 163 + -113. Let d(m) = -2*m**3 + m + 15. Let k be d(-3). Suppose c = 5*o - 0*c - k, 0 = 2*c + 2. What is the remainder when g is divided by o?
11
Suppose 6*d - 2*d - 5*v - 389 = 0, -3*d + 2*v + 297 = 0. Suppose 2*c + 2*z = 4*z + 70, -3*c + 5*z + d = 0. Calculate the remainder when c is divided by 2.
1
Let v = -182889 - -182961. Let i = 492 + -283. What is the remainder when i is divided by v?
65
Let w be 6 - 12 - (1*-18)/2. Let i = w + 564. Calculate the remainder when i is divided by 57.
54
Let l(i) = -i**3 - 14*i**2 - 69*i + 149. What is the remainder when l(-11) is divided by 24?
17
Suppose -71 = 69*j - 623. Calculate the remainder when 7222 is divided by j.
6
Let m = -12 + 17. Suppose 0 = -2*j - 2*j - 5*o + 629, -2*j - m*o = -327. Let z = 2554 - 2503. What is the remainder when j is divided by z?
49
Calculate the remainder when (-11 - (-460)/28)*28 is divided by 39.
35
Let x be (6/4)/((-6)/(-1016)). Let y = -235 + x. Calculate the remainder when 92 is divided by y.
16
Let q(n) = 56*n + 1038. What is the remainder when 272 is divided by q(-18)?
2
Calculate the remainder when 764 is divided by 2/4*(-30 + 30) + (0 - -108).
8
Suppose 36*y = 4*n + 37*y - 97, -3*n = -4*y - 87. What is the remainder when 98/(2/1) - 0 is divided by n?
24
Suppose 0 = 2*l - 5*a - 41, -l + 5*l - 77 = 5*a. Let i = 144 - 86. Let r = i - 9. Calculate the remainder when r is divided by l.
13
Let r = -5515 - -6613. Calculate the remainder when r is divided by 158.
150
Let z(w) = -165*w - 782. What is the remainder when z(-7) is divided by 27?
22
Let s be (-1)/(1/(-129)) - -5. Let u = -69 + s. What is the remainder when u is divided by (-2)/8 - (-414)/24?
14
Suppose 0 = 346*c - 371*c + 8650. Calculate the remainder when c is divided by 58.
56
Let j(q) = 34*q**2 - 443*q + 890. Suppose -4*b - 57 = -289. Calculate the remainder when j(2) is divided by b.
24
Suppose -4*h + 51 = -3*v, 3*h - 2*h - 19 = 2*v. Suppose 10*p = h*p + 28. Calculate the remainder when 1398 is divided by p.
26
Calculate the remainder when 166 is divided by 4/(12/(-165)*-1).
1
Suppose -58*o = -48*o - 5250. Calculate the remainder when o is divided by 22.
19
Let w be ((-350)/(-56))/((-1)/4). Let s be -5*(-4 - 440/w). Calculate t